eatest common factor of d and l.
10
Let g be 2/(5/((-845)/(-2))). Calculate the highest common factor of g and 13.
13
Let c(n) = -3*n. Let o(s) = s + 1. Let w(t) = c(t) + 4*o(t). Let z be w(5). What is the highest common divisor of z and 3?
3
Suppose 3*f - 4*f = 2*r + 8, 3*r = -4*f - 7. Suppose 0 = -4*l + 2*n + 24, -f*l + 5 = -2*n - 5. What is the highest common factor of 49 and l?
7
Let f be (-2 + -1)/((-1 + -4)/275). Calculate the highest common factor of f and 55.
55
Suppose -53 = 5*f + 4*u - 155, -4*f = -u - 90. Calculate the highest common divisor of f and 88.
22
Suppose -3*r = -6*g + 2*g - 17, 2*r - 3*g = 11. What is the greatest common factor of r and 77?
7
Let r = 14 - -1. Calculate the greatest common factor of r and 165.
15
Let o(i) = -2*i**2 + 5*i + 7. Let s be o(6). Let g = 4 - s. What is the highest common divisor of g and 26?
13
Let t be 0 + 0 + -8 + 15. Suppose 4*p - t = -3*c + 56, c + 3*p = 16. What is the highest common divisor of c and 125?
25
Suppose 4*d - 4*h = 44, 0*h = 3*h - 9. Let j = 97 - d. Suppose 71 = 5*c + g - 0*g, -2*g - j = -5*c. Calculate the highest common factor of 45 and c.
15
Suppose 4*p - 378 = 3*p. Calculate the greatest common factor of 42 and p.
42
Let l(f) = 27*f - 27. Let d be l(8). Calculate the greatest common factor of d and 21.
21
Let t be 2/3 + (-4)/(-3). Let v be t - -3 - (0 + 1). Suppose v*s - 45 = s. Calculate the greatest common divisor of s and 105.
15
Suppose 4*h - 57 = -5*n, 10 = -3*h - 2*h. Suppose -3*d + n = -11. Calculate the highest common factor of 8 and d.
8
Suppose 16*i - 126 = 7*i. What is the greatest common factor of 14 and i?
14
Let f(h) = -2*h - 15. Let x be f(-11). Suppose 0 = 8*i - x*i - 26. What is the greatest common factor of i and 13?
13
Suppose -2*i + 0*i + 112 = 0. Let v be (i/(-35))/((-2)/10). Calculate the greatest common factor of 4 and v.
4
Suppose 22*m - 17*m = -150. Let c be m/9*(-3)/2. Calculate the highest common factor of c and 25.
5
Let h be 6*(4/(-3) + 2). Suppose 18 + h = 2*r. Calculate the greatest common divisor of r and 33.
11
Let k(y) be the second derivative of -y**5/20 + 2*y**4/3 - 2*y**3/3 - 9*y**2/2 + y. Let s be k(7). Calculate the greatest common divisor of s and 12.
12
Let k be 4/2 + 3*(-82)/(-3). What is the greatest common divisor of 21 and k?
21
Let m(j) = -j + 7. Let f be m(-7). Let v be (-1886)/(-14) + f/49. What is the greatest common factor of 15 and v?
15
Let z be 4/(-6) + 69/9. Let m(f) = 12*f - 82*f - 7*f. Let d be m(-1). What is the highest common factor of d and z?
7
Let h(x) = x**2 - 5. Suppose -3 = -2*k + 7. Suppose -u + k = -2*a, 4*u = -4*a + u - 35. Let l be h(a). What is the highest common divisor of 4 and l?
4
Let k be (-24)/(-2) + 14 + -10. What is the highest common factor of 4 and k?
4
Let c be (-6)/4 + 18/(-4). Let o(u) = u**2 + 5*u - 1. Let w be o(c). Suppose -4*f = -16, 2*f = 5*n - 219 - 23. What is the highest common divisor of n and w?
5
Let m be (1*(3 - 3))/2. Let h(r) = r**3 - r**2 + 49. Let x be h(m). What is the greatest common divisor of x and 7?
7
Let v be (4/(-6))/(4/(-6)). Calculate the greatest common divisor of 7 and v.
1
Suppose -c + 3*v - 4 = 0, 3*c + 7 = 2*c + 4*v. Let a(z) = z**3 - 6*z**2 + 7*z - 6. Let i be a(c). Calculate the greatest common factor of i and 1.
1
Let n(c) = 8*c**2 - c. Let s be n(1). Suppose -3*q - q + 2*p = -316, 4*p = -4*q + 292. What is the highest common divisor of q and s?
7
Let f = -1 - -6. Let g(m) = m**2 + 4*m - 5. Let s be g(f). Calculate the greatest common divisor of 100 and s.
20
Let i(d) = d**2 - 3*d + 2. Let x be i(3). Let m = x - 9. Let y = m - -13. Calculate the highest common factor of 54 and y.
6
Suppose -5*x + 2*x + 99 = 0. Suppose 5*g + 40 = q, -x = -2*q - 3*g + 21. Calculate the greatest common factor of q and 60.
30
Let v = -49 - -29. Let i be (-129)/(-15) - 8/v. Let f = i + 3. What is the greatest common divisor of 12 and f?
12
Let y(t) = 3*t**2 - t - 8. Let v be y(7). Let k(j) = -j**3 - 2*j**2 - 2*j - 3. Let f be k(-3). What is the highest common divisor of v and f?
12
Let y be (-6)/42*20/(-2)*7. Calculate the greatest common divisor of y and 2.
2
Let j be (-2)/1*(0 + -1). Let r(g) = g**3 - 11*g**2 - 13*g + 15. Let d be r(12). What is the greatest common divisor of j and d?
1
Let h(l) = 1 + 0 + 3 + 2*l**2 - 4*l - l**2. Let s be h(4). Suppose 0 = -5*f + 2*v + 3*v + 40, 2*v + s = -f. Calculate the greatest common divisor of f and 16.
4
Let m = -31 - -49. Let i = m + -9. Calculate the highest common divisor of 6 and i.
3
Let b be -1 + (4 - (2 - 0)). Let m be (2 - (2 + 0))/b. Suppose 5 = x - f - m, -f = -2*x + 9. What is the highest common divisor of 36 and x?
4
Suppose -37 = 5*w - 6*w. Let p = w - -18. Let u be (-44)/(-6)*12/8. Calculate the greatest common factor of p and u.
11
Suppose -12 = -5*t + 13, t - 81 = -2*r. Let l = r + 0. What is the greatest common factor of 95 and l?
19
Suppose -5*h - 40 = -4*x, 5*x = 2*x + 4*h + 31. What is the highest common divisor of 5 and x?
5
Suppose 0*o - 3*o = -660. What is the greatest common factor of o and 20?
20
Suppose 43 = 3*f + 2*j, 2*f + 3*j - 7 = 15. Let y(x) = 2*x**3 + 12*x**2 + 8*x + 7. Let t be y(-5). What is the greatest common divisor of f and t?
17
Let b(k) = 37*k**2 - k. Let r be b(1). Let v = -18 + 20. Suppose v*t + t = r. What is the highest common divisor of 30 and t?
6
Let f be 2 - (1 + 0) - 1. Suppose f = -2*h + 8. Calculate the highest common factor of 10 and h.
2
Let x(u) = u**3 - 4*u**2 + 3*u - 2. Let k be x(4). Let s be (20/(-7))/((-20)/350). Calculate the greatest common divisor of k and s.
10
Let p(l) = 20*l**3 - 4*l**2 + l + 1. Let g be p(1). Calculate the highest common factor of 42 and g.
6
Let s = -42 + -42. Let j be s/((-5)/2 - -1). Calculate the greatest common divisor of j and 14.
14
Suppose 5*s = j + 4*j + 240, 3*s - 129 = -2*j. Suppose -4*o = o - s. Let v = -82 - -127. What is the highest common factor of o and v?
9
Let t = -64 - -72. What is the greatest common factor of t and 88?
8
Let k(t) = -t**3 + 16*t**2 - 27*t + 4. Let h be k(14). What is the highest common divisor of h and 27?
9
Let w be 4/6 - (-1232)/24. What is the greatest common factor of w and 26?
26
Let n be (-3 - -5 - 0) + 16. Calculate the greatest common divisor of 198 and n.
18
Suppose 2*t + 5 = -n, -7*n + 2*n + 45 = -4*t. Let s(k) = -4 - 2*k - 1 + 3*k. Let r be s(6). What is the greatest common factor of r and n?
1
Let j be 1 + 0/2 - 70. Let d = 119 + j. Suppose 0*h - 5*h = -d. What is the greatest common factor of 90 and h?
10
Let k(z) = z. Let u be k(4). Suppose u*x - x - 24 = 0. What is the greatest common divisor of 24 and x?
8
Let a be ((-2)/(-4))/((-1)/(-8)). Suppose a*t = 3*f + 7, t + 0*f = f + 2. Let u be -3 + (-3 - -14) + 1. Calculate the highest common divisor of u and t.
1
Let x(y) = 21*y. Let a be x(7). Calculate the highest common factor of 21 and a.
21
Let f = 14 - 9. Let h be (20/(-8))/(-5)*40. Calculate the greatest common divisor of f and h.
5
Let c be 0 + -2 - 14/(-2). Let n = c - -4. Suppose -m + 16 + 20 = 0. What is the highest common factor of m and n?
9
Suppose 5*i + 5*w - 244 = 306, 0 = -4*i - 2*w + 430. Calculate the highest common factor of i and 15.
15
Suppose -z = -5*z + 88. Suppose 4*i - 644 = -3*i. Suppose -576 + i = -2*t. What is the greatest common divisor of t and z?
22
Let z be 12 + 3*(1 - 2). Let r(t) = -t + 7. Let o be r(6). Calculate the highest common divisor of z and o.
1
Let d be (0 + 9/3)*25. What is the greatest common divisor of 30 and d?
15
Suppose 5 = -y - 4. Let b = 12 + y. What is the greatest common factor of 24 and b?
3
Let u = 17 + -11. Let h = 10 - u. Suppose h*x = -34 + 138. Calculate the highest common divisor of 13 and x.
13
Suppose m - 5*m + 8 = 0. Suppose -5*c - 3*k + 59 = -c, m*c + 3*k = 37. Calculate the greatest common factor of c and 55.
11
Suppose 4*b = 70 - 6. What is the greatest common factor of b and 64?
16
Let p(v) = v**3 - 4*v**2 - 12*v + 1. Let a be p(6). What is the greatest common divisor of 8 and a?
1
Let w(f) = f**3 + 7*f**2 + 8. Let v be w(-7). Let r be (0 - 1) + 2 + 2. Let q(l) = 2*l - 4. Let n be q(r). Calculate the greatest common factor of v and n.
2
Suppose 0 = -2*u - 2 - 2. Let z = u + 3. Suppose -4*l = n - l + 3, -5*l - 47 = -3*n. Calculate the gre